{"id":1971,"date":"2025-05-26T08:49:29","date_gmt":"2025-05-26T08:49:29","guid":{"rendered":"https:\/\/massakern.historiska.se\/?page_id=1971&#038;handheld=true"},"modified":"2025-05-26T08:49:29","modified_gmt":"2025-05-26T08:49:29","slug":"sa-hanterar-vi-cookies","status":"publish","type":"page","link":"https:\/\/massakern.historiska.se\/?page_id=1971&handheld=true","title":{"rendered":"S\u00e5 hanterar vi cookies"},"content":{"rendered":"<p><\/p>\n<h1>S\u00e5 hanterar vi cookies<\/h1>\n<p>Den h\u00e4r webbplatsen anv\u00e4nder analysverktyget Google Analytics f\u00f6r att f\u00e5 en bild av hur bes\u00f6kare anv\u00e4nder webbplatsen. Syftet \u00e4r att kunna f\u00f6rb\u00e4ttra inneh\u00e5ll, navigation och struktur.<\/p>\n<p>Vi m\u00e4ter dessutom trafiken f\u00f6r att kunna f\u00f6ra statistik till myndigheten Statens historiska museers \u00e5rsredovisning. Historiska museets webbplatser drivs och f\u00f6rvaltas av myndigheten.<\/p>\n<h2>Om analysverktyget vi anv\u00e4nder<\/h2>\n<p>Analysverktygen Google analytics anv\u00e4nder JavaScript och kakor, och den information som genereras av dessa genom din anv\u00e4ndning av webbplatsen (inklusive din IP-adress) kommer att vidarebefordras till leverant\u00f6rerna Google och lagras av dem p\u00e5 servrar i USA respektive EU.<\/p>\n<p><a href=\"https:\/\/policies.google.com\/technologies\/partner-sites\" target=\"_blank\" rel=\"noopener\">S\u00e5 anv\u00e4nder Google information fr\u00e5n webbplatser<\/a><\/p>\n<h2>Inst\u00e4llningar f\u00f6r kakor<\/h2>\n<p>H\u00e4r kan du ange vilka kakor du godk\u00e4nner. N\u00f6dv\u00e4ndiga kakor \u00e4r s\u00e5dana kakor som kr\u00e4vs f\u00f6r att webbplatsen ska fungera korrekt och g\u00e5r inte att v\u00e4lja bort. Kakor f\u00f6r m\u00e4tning\/prestanda anv\u00e4nds till exempel f\u00f6r att veta hur m\u00e5nga bes\u00f6kare webbplatsen har.<\/p>\n<p>Du kan v\u00e4lja bort m\u00e4tningsbara kakor som vi anv\u00e4nder genom att kryssa i eller ur f\u00f6ljande:<\/p>\n<p><div id=\"shm_cookie_consent_toggle\" data-label=\"M\u00e4tning\" data-save-label=\"Spara\" data-save-feedback=\"Dina \u00e4ndringar har sparats\"><\/div><\/p>\n<div id=\"shm_cookie_consent_toggle\" data-label=\"M\u00e4tning\" data-save-label=\"Spara\" data-save-feedback=\"Dina \u00e4ndringar har sparats\"><\/div>","protected":false},"excerpt":{"rendered":"<p>S\u00e5 hanterar vi cookies Den h\u00e4r webbplatsen anv\u00e4nder analysverktyget Google Analytics f\u00f6r att f\u00e5 en bild av hur bes\u00f6kare anv\u00e4nder webbplatsen. Syftet \u00e4r att kunna f\u00f6rb\u00e4ttra inneh\u00e5ll, navigation och struktur. Vi m\u00e4ter dessutom trafiken f\u00f6r att kunna f\u00f6ra statistik till myndigheten Statens historiska museers \u00e5rsredovisning. Historiska museets webbplatser drivs och f\u00f6rvaltas av myndigheten. Om analysverktyget [&hellip;]<\/p>\n","protected":false},"author":4,"featured_media":0,"parent":0,"menu_order":0,"comment_status":"closed","ping_status":"closed","template":"","meta":{"footnotes":""},"class_list":["post-1971","page","type-page","status-publish","hentry"],"_links":{"self":[{"href":"https:\/\/massakern.historiska.se\/index.php?rest_route=\/wp\/v2\/pages\/1971","targetHints":{"allow":["GET"]}}],"collection":[{"href":"https:\/\/massakern.historiska.se\/index.php?rest_route=\/wp\/v2\/pages"}],"about":[{"href":"https:\/\/massakern.historiska.se\/index.php?rest_route=\/wp\/v2\/types\/page"}],"author":[{"embeddable":true,"href":"https:\/\/massakern.historiska.se\/index.php?rest_route=\/wp\/v2\/users\/4"}],"replies":[{"embeddable":true,"href":"https:\/\/massakern.historiska.se\/index.php?rest_route=%2Fwp%2Fv2%2Fcomments&post=1971"}],"version-history":[{"count":1,"href":"https:\/\/massakern.historiska.se\/index.php?rest_route=\/wp\/v2\/pages\/1971\/revisions"}],"predecessor-version":[{"id":1972,"href":"https:\/\/massakern.historiska.se\/index.php?rest_route=\/wp\/v2\/pages\/1971\/revisions\/1972"}],"wp:attachment":[{"href":"https:\/\/massakern.historiska.se\/index.php?rest_route=%2Fwp%2Fv2%2Fmedia&parent=1971"}],"curies":[{"name":"wp","href":"https:\/\/api.w.org\/{rel}","templated":true}]}}