{"id":745,"date":"2014-03-05T17:40:19","date_gmt":"2014-03-05T17:40:19","guid":{"rendered":"http:\/\/massakern.historiska.se\/wp-content\/uploads\/2013\/01\/FID1179401.jpg"},"modified":"2014-03-05T17:40:19","modified_gmt":"2014-03-05T17:40:19","slug":"fid117940-2","status":"inherit","type":"attachment","link":"https:\/\/massakern.historiska.se\/?attachment_id=745&lang=sv&handheld=true","title":{"rendered":"FID117940_swe"},"author":3,"featured_media":0,"comment_status":"open","ping_status":"open","template":"","meta":[],"class_list":["post-745","attachment","type-attachment","status-inherit","hentry"],"description":{"rendered":"<p class=\"attachment\"><a href='https:\/\/massakern.historiska.se\/wp-content\/uploads\/2013\/01\/FID1179401-scaled.webp'><img loading=\"lazy\" decoding=\"async\" width=\"350\" height=\"233\" src=\"https:\/\/massakern.historiska.se\/wp-content\/uploads\/2013\/01\/FID1179401-350x233.webp\" class=\"attachment-medium size-medium\" alt=\"\" srcset=\"https:\/\/massakern.historiska.se\/wp-content\/uploads\/2013\/01\/FID1179401-350x233.webp 350w, https:\/\/massakern.historiska.se\/wp-content\/uploads\/2013\/01\/FID1179401-1366x907.webp 1366w, https:\/\/massakern.historiska.se\/wp-content\/uploads\/2013\/01\/FID1179401-640x425.webp 640w, https:\/\/massakern.historiska.se\/wp-content\/uploads\/2013\/01\/FID1179401-768x510.webp 768w, https:\/\/massakern.historiska.se\/wp-content\/uploads\/2013\/01\/FID1179401-1536x1020.webp 1536w, https:\/\/massakern.historiska.se\/wp-content\/uploads\/2013\/01\/FID1179401-2048x1361.webp 2048w\" sizes=\"auto, (max-width: 350px) 100vw, 350px\" \/><\/a><\/p>\n<p>Fr\u00e5n Stora Hellvigs, Fole socken, Gotland, 1300-1361 e. Kr. Tv\u00e5 av delarna finns i montern. Kammar var del av den personliga utrustningen. Kammen best\u00e5r av tandade skivor fastnitade p\u00e5 skenor, dessa var ofta ornerade. P\u00e5 1300-talet var det vanligt med dubbelkammar, d\u00e4r den ena tandradens t\u00e4nder var grova och den andra sidan betydligt finare, likt dagens luskam. SHM 21993:10-17<\/p>\n"},"caption":{"rendered":"<p>8. Kam, horn<\/p>\n"},"alt_text":"","media_type":"image","mime_type":"image\/jpeg","media_details":{"width":2560,"height":1701,"file":"2013\/01\/FID1179401-scaled.webp","filesize":712554,"sizes":{"medium":{"file":"FID1179401-350x233.webp","width":350,"height":233,"filesize":8890,"sources":{"image\/webp":{"file":"FID1179401-350x233.webp","filesize":8890,"source_url":"https:\/\/massakern.historiska.se\/wp-content\/uploads\/2013\/01\/FID1179401-350x233.webp"}},"mime_type":"image\/webp","source_url":"https:\/\/massakern.historiska.se\/wp-content\/uploads\/2013\/01\/FID1179401-350x233.webp"},"large":{"file":"FID1179401-1366x907.webp","width":1366,"height":907,"filesize":237252,"sources":{"image\/webp":{"file":"FID1179401-1366x907.webp","filesize":237252,"source_url":"https:\/\/massakern.historiska.se\/wp-content\/uploads\/2013\/01\/FID1179401-1366x907.webp"}},"mime_type":"image\/webp","source_url":"https:\/\/massakern.historiska.se\/wp-content\/uploads\/2013\/01\/FID1179401-1366x907.webp"},"thumbnail":{"file":"FID1179401-640x425.webp","width":640,"height":425,"filesize":31556,"sources":{"image\/webp":{"file":"FID1179401-640x425.webp","filesize":31556,"source_url":"https:\/\/massakern.historiska.se\/wp-content\/uploads\/2013\/01\/FID1179401-640x425.webp"}},"mime_type":"image\/webp","source_url":"https:\/\/massakern.historiska.se\/wp-content\/uploads\/2013\/01\/FID1179401-640x425.webp"},"medium_large":{"file":"FID1179401-768x510.webp","width":768,"height":510,"filesize":49916,"sources":{"image\/webp":{"file":"FID1179401-768x510.webp","filesize":49916,"source_url":"https:\/\/massakern.historiska.se\/wp-content\/uploads\/2013\/01\/FID1179401-768x510.webp"}},"mime_type":"image\/webp","source_url":"https:\/\/massakern.historiska.se\/wp-content\/uploads\/2013\/01\/FID1179401-768x510.webp"},"1536x1536":{"file":"FID1179401-1536x1020.webp","width":1536,"height":1020,"filesize":285094,"mime_type":"image\/webp","source_url":"https:\/\/massakern.historiska.se\/wp-content\/uploads\/2013\/01\/FID1179401-1536x1020.webp"},"2048x2048":{"file":"FID1179401-2048x1361.webp","width":2048,"height":1361,"filesize":502132,"mime_type":"image\/webp","source_url":"https:\/\/massakern.historiska.se\/wp-content\/uploads\/2013\/01\/FID1179401-2048x1361.webp"},"post-thumbnail":{"file":"FID1179401-604x270.webp","width":604,"height":270,"filesize":23260,"mime_type":"image\/webp","source_url":"https:\/\/massakern.historiska.se\/wp-content\/uploads\/2013\/01\/FID1179401-604x270.webp"},"full":{"file":"FID1179401-scaled.webp","width":2560,"height":1701,"mime_type":"image\/jpeg","source_url":"https:\/\/massakern.historiska.se\/wp-content\/uploads\/2013\/01\/FID1179401-scaled.webp","sources":{"image\/webp":{"file":"FID1179401-scaled.webp","filesize":712554,"source_url":"https:\/\/massakern.historiska.se\/wp-content\/uploads\/2013\/01\/FID1179401-scaled.webp"}}}},"image_meta":{"aperture":"0","credit":"","camera":"","caption":"","created_timestamp":"0","copyright":"","focal_length":"0","iso":"0","shutter_speed":"0","title":"","orientation":"0","keywords":[]},"original_image":"FID1179401.jpg"},"post":379,"source_url":"https:\/\/massakern.historiska.se\/wp-content\/uploads\/2013\/01\/FID1179401-scaled.webp"}

<p class="attachment"><a href='https://massakern.historiska.se/wp-content/uploads/2013/01/FID1179401-scaled.webp'><img loading="lazy" decoding="async" width="350" height="233" src="https://massakern.historiska.se/wp-content/uploads/2013/01/FID1179401-350x233.webp" class="attachment-medium size-medium" alt="" srcset="https://massakern.historiska.se/wp-content/uploads/2013/01/FID1179401-350x233.webp 350w, https://massakern.historiska.se/wp-content/uploads/2013/01/FID1179401-1366x907.webp 1366w, https://massakern.historiska.se/wp-content/uploads/2013/01/FID1179401-640x425.webp 640w, https://massakern.historiska.se/wp-content/uploads/2013/01/FID1179401-768x510.webp 768w, https://massakern.historiska.se/wp-content/uploads/2013/01/FID1179401-1536x1020.webp 1536w, https://massakern.historiska.se/wp-content/uploads/2013/01/FID1179401-2048x1361.webp 2048w" sizes="auto, (max-width: 350px) 100vw, 350px" /></a></p>
<p>Från Stora Hellvigs, Fole socken, Gotland, 1300-1361 e. Kr. Två av delarna finns i montern. Kammar var del av den personliga utrustningen. Kammen består av tandade skivor fastnitade på skenor, dessa var ofta ornerade. På 1300-talet var det vanligt med dubbelkammar, där den ena tandradens tänder var grova och den andra sidan betydligt finare, likt dagens luskam. SHM 21993:10-17</p>
