{"id":596,"date":"2014-03-03T15:24:52","date_gmt":"2014-03-03T15:24:52","guid":{"rendered":"http:\/\/massakern.historiska.se\/wp-content\/uploads\/2014\/03\/swe_hjalm_visir.jpg"},"modified":"2014-03-03T15:24:52","modified_gmt":"2014-03-03T15:24:52","slug":"swe_hjalm_visir","status":"inherit","type":"attachment","link":"https:\/\/massakern.historiska.se\/?attachment_id=596&lang=sv&handheld=true","title":{"rendered":"swe_hjalm_visir"},"author":3,"featured_media":0,"comment_status":"open","ping_status":"open","template":"","meta":[],"class_list":["post-596","attachment","type-attachment","status-inherit","hentry"],"description":{"rendered":"<p class=\"attachment\"><a href='https:\/\/massakern.historiska.se\/wp-content\/uploads\/2014\/03\/swe_hjalm_visir-scaled.webp'><img loading=\"lazy\" decoding=\"async\" width=\"350\" height=\"233\" src=\"https:\/\/massakern.historiska.se\/wp-content\/uploads\/2014\/03\/swe_hjalm_visir-350x233.webp\" class=\"attachment-medium size-medium\" alt=\"\" srcset=\"https:\/\/massakern.historiska.se\/wp-content\/uploads\/2014\/03\/swe_hjalm_visir-350x233.webp 350w, https:\/\/massakern.historiska.se\/wp-content\/uploads\/2014\/03\/swe_hjalm_visir-1366x907.webp 1366w, https:\/\/massakern.historiska.se\/wp-content\/uploads\/2014\/03\/swe_hjalm_visir-640x425.webp 640w, https:\/\/massakern.historiska.se\/wp-content\/uploads\/2014\/03\/swe_hjalm_visir-768x510.webp 768w, https:\/\/massakern.historiska.se\/wp-content\/uploads\/2014\/03\/swe_hjalm_visir-1536x1020.webp 1536w, https:\/\/massakern.historiska.se\/wp-content\/uploads\/2014\/03\/swe_hjalm_visir-2048x1361.webp 2048w\" sizes=\"auto, (max-width: 350px) 100vw, 350px\" \/><\/a><\/p>\n<p>Hj\u00e4lmen \u00e4r av en modell som var modern bland fr\u00e4lset, storm\u00e4n och f\u00f6rm\u00f6gna b\u00f6nder, under mitten av 1300-talet. I Sverige kallades den f\u00f6r \u201dpekkilhuva\u201d och det internationella namnet var \u201dbascinet\u201d.<\/p>\n"},"caption":{"rendered":"<p>Hj\u00e4lm med visir, rekonstruktion<\/p>\n"},"alt_text":"","media_type":"image","mime_type":"image\/jpeg","media_details":{"width":2560,"height":1701,"file":"2014\/03\/swe_hjalm_visir-scaled.webp","filesize":783112,"sizes":{"medium":{"file":"swe_hjalm_visir-350x233.webp","width":350,"height":233,"filesize":8262,"sources":{"image\/webp":{"file":"swe_hjalm_visir-350x233.webp","filesize":8262,"source_url":"https:\/\/massakern.historiska.se\/wp-content\/uploads\/2014\/03\/swe_hjalm_visir-350x233.webp"}},"mime_type":"image\/webp","source_url":"https:\/\/massakern.historiska.se\/wp-content\/uploads\/2014\/03\/swe_hjalm_visir-350x233.webp"},"large":{"file":"swe_hjalm_visir-1366x907.webp","width":1366,"height":907,"filesize":196758,"sources":{"image\/webp":{"file":"swe_hjalm_visir-1366x907.webp","filesize":196758,"source_url":"https:\/\/massakern.historiska.se\/wp-content\/uploads\/2014\/03\/swe_hjalm_visir-1366x907.webp"}},"mime_type":"image\/webp","source_url":"https:\/\/massakern.historiska.se\/wp-content\/uploads\/2014\/03\/swe_hjalm_visir-1366x907.webp"},"thumbnail":{"file":"swe_hjalm_visir-640x425.webp","width":640,"height":425,"filesize":26478,"sources":{"image\/webp":{"file":"swe_hjalm_visir-640x425.webp","filesize":26478,"source_url":"https:\/\/massakern.historiska.se\/wp-content\/uploads\/2014\/03\/swe_hjalm_visir-640x425.webp"}},"mime_type":"image\/webp","source_url":"https:\/\/massakern.historiska.se\/wp-content\/uploads\/2014\/03\/swe_hjalm_visir-640x425.webp"},"medium_large":{"file":"swe_hjalm_visir-768x510.webp","width":768,"height":510,"filesize":38912,"sources":{"image\/webp":{"file":"swe_hjalm_visir-768x510.webp","filesize":38912,"source_url":"https:\/\/massakern.historiska.se\/wp-content\/uploads\/2014\/03\/swe_hjalm_visir-768x510.webp"}},"mime_type":"image\/webp","source_url":"https:\/\/massakern.historiska.se\/wp-content\/uploads\/2014\/03\/swe_hjalm_visir-768x510.webp"},"1536x1536":{"file":"swe_hjalm_visir-1536x1020.webp","width":1536,"height":1020,"filesize":240030,"mime_type":"image\/webp","source_url":"https:\/\/massakern.historiska.se\/wp-content\/uploads\/2014\/03\/swe_hjalm_visir-1536x1020.webp"},"2048x2048":{"file":"swe_hjalm_visir-2048x1361.webp","width":2048,"height":1361,"filesize":490248,"mime_type":"image\/webp","source_url":"https:\/\/massakern.historiska.se\/wp-content\/uploads\/2014\/03\/swe_hjalm_visir-2048x1361.webp"},"post-thumbnail":{"file":"swe_hjalm_visir-604x270.webp","width":604,"height":270,"filesize":18876,"mime_type":"image\/webp","source_url":"https:\/\/massakern.historiska.se\/wp-content\/uploads\/2014\/03\/swe_hjalm_visir-604x270.webp"},"full":{"file":"swe_hjalm_visir-scaled.webp","width":2560,"height":1701,"mime_type":"image\/jpeg","source_url":"https:\/\/massakern.historiska.se\/wp-content\/uploads\/2014\/03\/swe_hjalm_visir-scaled.webp","sources":{"image\/webp":{"file":"swe_hjalm_visir-scaled.webp","filesize":783112,"source_url":"https:\/\/massakern.historiska.se\/wp-content\/uploads\/2014\/03\/swe_hjalm_visir-scaled.webp"}}}},"image_meta":{"aperture":"0","credit":"","camera":"","caption":"","created_timestamp":"0","copyright":"","focal_length":"0","iso":"0","shutter_speed":"0","title":"","orientation":"0","keywords":[]},"original_image":"swe_hjalm_visir.jpg"},"post":592,"source_url":"https:\/\/massakern.historiska.se\/wp-content\/uploads\/2014\/03\/swe_hjalm_visir-scaled.webp"}

<p class="attachment"><a href='https://massakern.historiska.se/wp-content/uploads/2014/03/swe_hjalm_visir-scaled.webp'><img loading="lazy" decoding="async" width="350" height="233" src="https://massakern.historiska.se/wp-content/uploads/2014/03/swe_hjalm_visir-350x233.webp" class="attachment-medium size-medium" alt="" srcset="https://massakern.historiska.se/wp-content/uploads/2014/03/swe_hjalm_visir-350x233.webp 350w, https://massakern.historiska.se/wp-content/uploads/2014/03/swe_hjalm_visir-1366x907.webp 1366w, https://massakern.historiska.se/wp-content/uploads/2014/03/swe_hjalm_visir-640x425.webp 640w, https://massakern.historiska.se/wp-content/uploads/2014/03/swe_hjalm_visir-768x510.webp 768w, https://massakern.historiska.se/wp-content/uploads/2014/03/swe_hjalm_visir-1536x1020.webp 1536w, https://massakern.historiska.se/wp-content/uploads/2014/03/swe_hjalm_visir-2048x1361.webp 2048w" sizes="auto, (max-width: 350px) 100vw, 350px" /></a></p>
<p>Hjälmen är av en modell som var modern bland frälset, stormän och förmögna bönder, under mitten av 1300-talet. I Sverige kallades den för ”pekkilhuva” och det internationella namnet var ”bascinet”.</p>

<p>Hjälm med visir, rekonstruktion</p>
