{"id":595,"date":"2014-03-03T15:24:48","date_gmt":"2014-03-03T15:24:48","guid":{"rendered":"http:\/\/massakern.historiska.se\/wp-content\/uploads\/2014\/03\/swe_hjalm_kittelhatt.jpg"},"modified":"2014-03-03T15:24:48","modified_gmt":"2014-03-03T15:24:48","slug":"swe_hjalm_kittelhatt","status":"inherit","type":"attachment","link":"https:\/\/massakern.historiska.se\/?attachment_id=595&lang=sv&handheld=true","title":{"rendered":"swe_hjalm_kittelhatt"},"author":3,"featured_media":0,"comment_status":"open","ping_status":"open","template":"","meta":[],"class_list":["post-595","attachment","type-attachment","status-inherit","hentry"],"description":{"rendered":"<p class=\"attachment\"><a href='https:\/\/massakern.historiska.se\/wp-content\/uploads\/2014\/03\/swe_hjalm_kittelhatt-scaled.webp'><img loading=\"lazy\" decoding=\"async\" width=\"350\" height=\"233\" src=\"https:\/\/massakern.historiska.se\/wp-content\/uploads\/2014\/03\/swe_hjalm_kittelhatt-350x233.webp\" class=\"attachment-medium size-medium\" alt=\"\" srcset=\"https:\/\/massakern.historiska.se\/wp-content\/uploads\/2014\/03\/swe_hjalm_kittelhatt-350x233.webp 350w, https:\/\/massakern.historiska.se\/wp-content\/uploads\/2014\/03\/swe_hjalm_kittelhatt-1366x907.webp 1366w, https:\/\/massakern.historiska.se\/wp-content\/uploads\/2014\/03\/swe_hjalm_kittelhatt-640x425.webp 640w, https:\/\/massakern.historiska.se\/wp-content\/uploads\/2014\/03\/swe_hjalm_kittelhatt-768x510.webp 768w, https:\/\/massakern.historiska.se\/wp-content\/uploads\/2014\/03\/swe_hjalm_kittelhatt-1536x1020.webp 1536w, https:\/\/massakern.historiska.se\/wp-content\/uploads\/2014\/03\/swe_hjalm_kittelhatt-2048x1361.webp 2048w\" sizes=\"auto, (max-width: 350px) 100vw, 350px\" \/><\/a><\/p>\n<p>Originalet hittades 1898 av en jordbrukare i Hof, i Vestfold, Norge. Den k\u00f6ptes in av Nordiska museet i Stockholm 1899 och deponerades hos Historiska 1947. \u00c4ven om hj\u00e4lmen kommer fr\u00e5n Norge st\u00e4mmer den v\u00e4l \u00f6verens med svensk utrustning fr\u00e5n 1300-talet. Liknande j\u00e4rnhattar finns till exempel p\u00e5 n\u00e5gra helgonskulpturer och i en stenportal i K\u00e4llunge kyrka i \u00d6sterg\u00f6tland.<\/p>\n"},"caption":{"rendered":"<p>Kittelhatt\/j\u00e4rnhatt, rekonstruktion<\/p>\n"},"alt_text":"","media_type":"image","mime_type":"image\/jpeg","media_details":{"width":2560,"height":1701,"file":"2014\/03\/swe_hjalm_kittelhatt-scaled.webp","filesize":521836,"sizes":{"medium":{"file":"swe_hjalm_kittelhatt-350x233.webp","width":350,"height":233,"filesize":5764,"sources":{"image\/webp":{"file":"swe_hjalm_kittelhatt-350x233.webp","filesize":5764,"source_url":"https:\/\/massakern.historiska.se\/wp-content\/uploads\/2014\/03\/swe_hjalm_kittelhatt-350x233.webp"}},"mime_type":"image\/webp","source_url":"https:\/\/massakern.historiska.se\/wp-content\/uploads\/2014\/03\/swe_hjalm_kittelhatt-350x233.webp"},"large":{"file":"swe_hjalm_kittelhatt-1366x907.webp","width":1366,"height":907,"filesize":123768,"sources":{"image\/webp":{"file":"swe_hjalm_kittelhatt-1366x907.webp","filesize":123768,"source_url":"https:\/\/massakern.historiska.se\/wp-content\/uploads\/2014\/03\/swe_hjalm_kittelhatt-1366x907.webp"}},"mime_type":"image\/webp","source_url":"https:\/\/massakern.historiska.se\/wp-content\/uploads\/2014\/03\/swe_hjalm_kittelhatt-1366x907.webp"},"thumbnail":{"file":"swe_hjalm_kittelhatt-640x425.webp","width":640,"height":425,"filesize":18734,"sources":{"image\/webp":{"file":"swe_hjalm_kittelhatt-640x425.webp","filesize":18734,"source_url":"https:\/\/massakern.historiska.se\/wp-content\/uploads\/2014\/03\/swe_hjalm_kittelhatt-640x425.webp"}},"mime_type":"image\/webp","source_url":"https:\/\/massakern.historiska.se\/wp-content\/uploads\/2014\/03\/swe_hjalm_kittelhatt-640x425.webp"},"medium_large":{"file":"swe_hjalm_kittelhatt-768x510.webp","width":768,"height":510,"filesize":28030,"sources":{"image\/webp":{"file":"swe_hjalm_kittelhatt-768x510.webp","filesize":28030,"source_url":"https:\/\/massakern.historiska.se\/wp-content\/uploads\/2014\/03\/swe_hjalm_kittelhatt-768x510.webp"}},"mime_type":"image\/webp","source_url":"https:\/\/massakern.historiska.se\/wp-content\/uploads\/2014\/03\/swe_hjalm_kittelhatt-768x510.webp"},"1536x1536":{"file":"swe_hjalm_kittelhatt-1536x1020.webp","width":1536,"height":1020,"filesize":154594,"mime_type":"image\/webp","source_url":"https:\/\/massakern.historiska.se\/wp-content\/uploads\/2014\/03\/swe_hjalm_kittelhatt-1536x1020.webp"},"2048x2048":{"file":"swe_hjalm_kittelhatt-2048x1361.webp","width":2048,"height":1361,"filesize":312210,"mime_type":"image\/webp","source_url":"https:\/\/massakern.historiska.se\/wp-content\/uploads\/2014\/03\/swe_hjalm_kittelhatt-2048x1361.webp"},"post-thumbnail":{"file":"swe_hjalm_kittelhatt-604x270.webp","width":604,"height":270,"filesize":15502,"mime_type":"image\/webp","source_url":"https:\/\/massakern.historiska.se\/wp-content\/uploads\/2014\/03\/swe_hjalm_kittelhatt-604x270.webp"},"full":{"file":"swe_hjalm_kittelhatt-scaled.webp","width":2560,"height":1701,"mime_type":"image\/jpeg","source_url":"https:\/\/massakern.historiska.se\/wp-content\/uploads\/2014\/03\/swe_hjalm_kittelhatt-scaled.webp","sources":{"image\/webp":{"file":"swe_hjalm_kittelhatt-scaled.webp","filesize":521836,"source_url":"https:\/\/massakern.historiska.se\/wp-content\/uploads\/2014\/03\/swe_hjalm_kittelhatt-scaled.webp"}}}},"image_meta":{"aperture":"0","credit":"","camera":"","caption":"","created_timestamp":"0","copyright":"","focal_length":"0","iso":"0","shutter_speed":"0","title":"","orientation":"0","keywords":[]},"original_image":"swe_hjalm_kittelhatt.jpg"},"post":592,"source_url":"https:\/\/massakern.historiska.se\/wp-content\/uploads\/2014\/03\/swe_hjalm_kittelhatt-scaled.webp"}

<p class="attachment"><a href='https://massakern.historiska.se/wp-content/uploads/2014/03/swe_hjalm_kittelhatt-scaled.webp'><img loading="lazy" decoding="async" width="350" height="233" src="https://massakern.historiska.se/wp-content/uploads/2014/03/swe_hjalm_kittelhatt-350x233.webp" class="attachment-medium size-medium" alt="" srcset="https://massakern.historiska.se/wp-content/uploads/2014/03/swe_hjalm_kittelhatt-350x233.webp 350w, https://massakern.historiska.se/wp-content/uploads/2014/03/swe_hjalm_kittelhatt-1366x907.webp 1366w, https://massakern.historiska.se/wp-content/uploads/2014/03/swe_hjalm_kittelhatt-640x425.webp 640w, https://massakern.historiska.se/wp-content/uploads/2014/03/swe_hjalm_kittelhatt-768x510.webp 768w, https://massakern.historiska.se/wp-content/uploads/2014/03/swe_hjalm_kittelhatt-1536x1020.webp 1536w, https://massakern.historiska.se/wp-content/uploads/2014/03/swe_hjalm_kittelhatt-2048x1361.webp 2048w" sizes="auto, (max-width: 350px) 100vw, 350px" /></a></p>
<p>Originalet hittades 1898 av en jordbrukare i Hof, i Vestfold, Norge. Den köptes in av Nordiska museet i Stockholm 1899 och deponerades hos Historiska 1947. Även om hjälmen kommer från Norge stämmer den väl överens med svensk utrustning från 1300-talet. Liknande järnhattar finns till exempel på några helgonskulpturer och i en stenportal i Källunge kyrka i Östergötland.</p>

<p>Kittelhatt/järnhatt, rekonstruktion</p>
